1. Let g(h) = h - 1. Let n(t) = 5*g(t) + m(t). Suppose -5*y - 2*p - 20 = 0, 0*p + 12 = -3*y - 4*p. Let a = 0 + y. Give n(a).
-6
Let o(d) = 12*d + 2. Let h(f) = -f**2 - 12*f - 22. Let p be h(-10). Calculate o(p).
-22
Suppose 0*s = -s. Suppose -4*m + 0*m - 16 = s. Let l(b) = -2*b**2 + 6 + 6*b + 4*b**2 - b**2. What is l(m)?
-2
Let s(b) be the second derivative of -b**4/12 + b**3/3 + b**2 - b. Suppose 5*d = r + 5 + 11, -20 = -5*d. What is s(r)?
-6
Suppose 4 + 4 = -4*t. Let g be (t/3)/((-4)/12). Let f(d) = -d - d**2 + 4 + 0*d**g - 2*d. What is f(-3)?
4
Let q(l) = -l + 1. Suppose 5*z = 12 + 13. Suppose -t - z*t = 0. Give q(t).
1
Let y(k) = 113 - k**2 - 347 - k + 115 + 121. Let v = -3 + 1. Give y(v).
0
Let h(o) = 2*o + 2. Suppose 6 = 2*g - 0. Suppose 2*t + 15 = -g*t. What is h(t)?
-4
Let z(b) be the third derivative of -b**6/120 - b**4/24 + b**3/2 + 10*b**2. Calculate z(0).
3
Suppose -4*n + 4 = -6*n. Let w(q) = q**3 + 3*q**2 + q - 1. Calculate w(n).
1
Let b be 2/(1*(-1)/5). Let u be (-10)/3*12/b. Suppose 0 = u*s - 3*s. Let w(z) = -z - 1. Determine w(s).
-1
Let b = 16 - 15. Let t(v) = 13*v - 1. Give t(b).
12
Let n(v) = -20*v**2 - 21*v + 2. Let c(w) = -7*w**2 - 7*w + 1. Let p(j) = 17*c(j) - 6*n(j). Calculate p(-5).
-5
Let f(j) = -2*j + 4. Let b be f(-4). Let p = b - 7. Let w(y) be the third derivative of y**6/120 - y**5/15 - 7*y**4/24 + y**3/3 - 2*y**2. Calculate w(p).
-8
Let y(z) = -4*z + 1. Let o = 8 + -2. Let f = 7 - o. What is y(f)?
-3
Let x(k) be the second derivative of -k**5/20 + 5*k**4/12 + 5*k**2/2 + 27*k. Let c(w) = 2*w - 1. Let r be c(3). Give x(r).
5
Let q(j) = 0*j + 2 + 2*j + 0*j. Let c(r) = -1. Let f(z) = -2*c(z) - q(z). Let p(i) = -i**2 - 5*i - 4. Let o be p(-3). Calculate f(o).
-4
Let j(h) = 2*h - 6. Suppose 7*m + 20 = 11*m. Calculate j(m).
4
Let m(c) = -4*c**2 - 4*c - 14. Let s(d) = -3*d**2 - 3*d - 14. Let v(x) = 2*m(x) - 3*s(x). Give v(0).
14
Let z(x) = 10*x + 8*x + 17*x - 33*x. Give z(-2).
-4
Let q(o) = o**2 - 10*o + 5. Let l = 41 + -32. Calculate q(l).
-4
Let p(l) = 7*l. Let n be 7/5 + (-12)/30. Determine p(n).
7
Let w(v) = -3*v**3 + 6*v - 2*v**3 + 4 - 3*v**2 + 4*v**3. Let p be ((-24)/(-20))/(6/80). Suppose -2*f + p = -6*f. Calculate w(f).
-4
Suppose -5*f + 0 - 20 = 0. Let z(n) = 10*n - 6. Let m(h) = 4*h - 2*h - h. Let u(r) = -12*m(r) + z(r). What is u(f)?
2
Let u(p) = -2*p + 9*p**2 - p + p + 3*p. Let m(v) = -v**2 + 8*v - 8. Let g be m(7). Determine u(g).
8
Suppose -3*f + 5*l - 16 = 2, f - 11 = -4*l. Let j be 1*(3 + f - 2). Let v(b) = -b**3 - 1. Give v(j).
-1
Let y(o) = o**3 + 4*o**2 - 4*o. Let m(k) be the first derivative of -k**4/4 + 2*k**3/3 - 2*k**2 + 3*k - 4. Let d be m(2). Give y(d).
-5
Suppose s + 7 = z + 15, -4*z - 4*s = 8. Let b(d) = -4*d - 6. Let r(i) = -3*i - 7. Let n(g) = 2*b(g) - 3*r(g). Give n(z).
4
Let u(l) = -26*l**2 - 2*l + 2 + 1 + 27*l**2. What is u(3)?
6
Let i(n) = n**2 + 4 - 6*n + 0*n**2 + 2. Let o be i(5). Let d(t) be the third derivative of -t**4/8 - t**3/6 - 4*t**2. Calculate d(o).
-4
Let s(h) be the first derivative of h**2/2 + h + 53. Calculate s(-4).
-3
Let h(q) = -2*q - 3. Let c be (-136)/(-14) - 4/(-14). Suppose 5*o = c*o. Suppose 0 = z - o*z + 3. What is h(z)?
3
Let x(c) = 0*c + c**3 - 4 + 5*c**2 + 3*c + 0*c**3. Give x(-3).
5
Let y = -14 - -20. Let p(o) = 57*o - 112*o + 54*o + 4. Give p(y).
-2
Let q(v) = -2*v**2 + 5*v - 2. Let l be q(3). Let a(k) = k**2 + 3*k + 1. Calculate a(l).
11
Let z = -2 - -1. Let r(l) = 9*l + 6. Let a(m) = -10*m - 7. Let o(t) = 5*a(t) + 6*r(t). Determine o(z).
-3
Let o(d) = d**3 - d**2 - 1. Suppose 3*p + 7 = 1. Let i be (-4 - -2)*(-1)/p. Let w = 1 + i. Calculate o(w).
-1
Let k(h) = 5*h**2 + h + 1. Let n(f) = -f**2 + 6*f - 3. Let u be n(4). Suppose 3*r - 5*r - 7 = u*q, -5*r - 4*q - 9 = 0. What is k(r)?
5
Suppose -5*v - 460 = -495. Let m(y) = -2*y + 9. Calculate m(v).
-5
Let v(o) = 9 - 3*o**2 + 3*o**2 + 6*o**2 - 7*o + o**2 - o**3. Give v(6).
3
Let v = -1 - -7. Suppose -v = -5*y + 3*y. Let m(r) = 0 - r**2 - 2 + 3*r + 0*r**2. Determine m(y).
-2
Let l(d) = d**3 - 2*d**2 + 2*d - 3. Suppose -8*f + 10 = -3*f. Let t be (-15)/(-4) + 1/4. Suppose -3*o - 2 = -t*x, -f*o - x = -3*o. Calculate l(o).
1
Suppose 2*y + x - 6 = 0, -3*x = -x. Let t(c) = -4*c**2 + 1. Let o(s) = 4 - 4 + 7*s**2 - s - 4 + 1. Let m(r) = 3*o(r) + 5*t(r). Determine m(y).
-4
Let m(d) be the third derivative of -d**6/120 + d**5/10 - 5*d**4/24 - 17*d**2. What is m(4)?
12
Let f(i) = -3*i**3 + 7*i**3 - 2*i**3 - i**2. Give f(2).
12
Let k(f) = -2*f**2 + 2*f - 3. Let g(b) = -b + 1. Let r(m) = -3*g(m) - k(m). What is r(-2)?
6
Let v(t) = -t**3 + 5*t**2 - 4*t + 5. Suppose -5 = -2*m - 5*y, y = 6*m - 5*m - 6. Determine v(m).
-15
Let g(q) = 16*q**2 - 1 + 6*q - 9*q**2 - 6*q**2. Calculate g(-6).
-1
Let r(y) be the second derivative of y**5/20 - 5*y**4/12 + y**2/2 + 14*y. Calculate r(5).
1
Let w(x) = x**2 - 9*x + 2. Let j be w(9). Let n(v) = 5*v + 5*v**2 + 0*v - 7 - 4*v**j. Determine n(-5).
-7
Let q(n) = 6*n. Let h(b) = 4*b**3 + 4*b**2 - 6*b**2 + 7*b**2 - 5*b**3 - 12 + 2*b. Let a be h(5). Give q(a).
-12
Let h(c) = 8*c**2 + 3*c - 3. Let n(v) = 7*v**2 + 2*v - 2. Let f(l) = -5*h(l) + 6*n(l). Determine f(2).
5
Let s(d) = d**2. Let i(c) = c**3 - 9*c**2 + 8*c. Let q be i(8). Suppose -4*z - 4 = -l, q*z = l - z - 1. Suppose l = p, -2*j + 6 = 3*p + 2. What is s(j)?
4
Let n(k) = 19*k**3 - 29*k**2 + 9*k + 2. Let v(a) = -7*a**3 + 10*a**2 - 3*a - 1. Let j(t) = -3*n(t) - 8*v(t). What is j(7)?
-19
Let c(t) be the second derivative of -2*t**3/3 - t**2 - 6*t. What is c(-3)?
10
Let r(u) = -u - 1. Let x(y) = -y - 8. Suppose 5*t - 26 = -q, -q = -6*t + 4*t + 9. Let g(m) = q*x(m) - 4*r(m). Give g(4).
8
Let v(o) = -2*o**2 - 10 - 2 - o**2 + 2*o**2 + 11*o. Let h be v(9). Let c(s) = -s**3 + 5*s**2 + 5*s - 4. What is c(h)?
-10
Let v(u) be the first derivative of -u**3/3 + 9*u**2/2 - 2*u + 16. Determine v(8).
6
Let k(p) be the first derivative of -p**4/4 + 2*p**3 - p**2/2 + 6*p + 26. Let x = -7 + 13. Give k(x).
0
Let u(b) be the third derivative of -b**4/24 + 5*b**3/3 + 6*b**2. Let p be u(8). Let w(f) = f**3 - 3*f + 3. Calculate w(p).
5
Suppose -3*p + q = -4 + 3, -p + 17 = 3*q. Let k(f) = -5*f - 5. Let o(r) = 14*r + 14. Let l = 0 - 6. Let n(d) = l*o(d) - 17*k(d). Determine n(p).
3
Let r(g) = 2*g**3 - 3*g**2 + g + 1. Let y(s) = s**3 + 1. Let d(a) = r(a) - y(a). Determine d(2).
-2
Suppose 5*q + 5 = 0, -4*p + 5*q + 547 - 146 = 0. Let f be 2/6 - p/(-27). Let a(c) = 4 + 0 + 2*c + 0*c - c**3 + 3*c**2. Give a(f).
-4
Suppose r = -4*r + 10. Suppose -p - 3 = 2*o, -p + 0 = -r*o + 3. Let m(l) = l - 15. Give m(o).
-15
Let t(m) = m + 3 - 1 - m**2 - 6. Suppose 8 = 2*c - 0. Let y be -2 + c/(1 - -1). What is t(y)?
-4
Let k(l) be the third derivative of 0 + 0*l + 1/6*l**4 + 1/6*l**3 - l**2. Calculate k(-1).
-3
Suppose 4*c + 5 = 1. Let a be 1/c*(-1 - -2). Let t(g) = g**3 + g**2 + g + 1. What is t(a)?
0
Let w(x) = x**2 - 3*x - 2. Let d be (0 + -3)*(1 + -2). Suppose -4*b + d = -13. Calculate w(b).
2
Let z be (2/4)/((-1)/(-6)). Let r(y) = -4*y**3 + 9 + z*y**3 + 0*y**3 - y**2. Calculate r(0).
9
Let l(i) = -i**3 + 25*i**2 - 2*i + 54. Let h be l(25). Let a(v) = 2*v + 4. Determine a(h).
12
Let m(a) be the second derivative of a**3/6 + 3*a**2/2 - a. Determine m(0).
3
Let t(x) = -4*x + 8. Let y(v) = -v + 1. Let i(z) = -2*t(z) + 14*y(z). What is i(2)?
-14
Let u(q) = q**3 - 19*q**2 - 5. Let f be u(19). Let x(s) = s + 2. Determine x(f).
-3
Let p(c) = -c**3 - 8*c**2 - 4*c - 2. Let f(l) = l**2 + l + 1. Let k = -9 - -8. Let x(d) = k*p(d) - 4*f(d). Calculate x(-3).
7
Let k be 23 - (-6)/(2 - 4). Suppose k = 3*v + 4*r, 10*r - 30 = -5*v + 5*r. Let s(a) = 2*a - 4. Calculate s(v).
4
Let i(p) = 0*p**2 + 4*p + 2 - 2*p**2 - 11. Suppose 5*h + 5 = -15. Let l(u) = 3*u**2 - 5*u + 9. Let g(m) = h*i(m) - 3*l(m). Give g(0).
9
Let x(b) = -b**3 + 1. Let j(v) = -6*v**3 - v + 11. Let o(c) = j(c) - 5*x(c). Calculate o(0).
6
Let v(b) = b**2 + 0*b**2 + 5 - 7*b - 4. Let m = -1 + -3. Let k be ((-1)/2)/(m/40). Give v(k).
-9
Let x = -35 + 31. Let l(o) = 13*o**2 + 28*o + 20. Let p(h) = -3*h**2 - 7*h - 5. Let v(w) = 2*l(w) + 9*p(w). Determine v(x).
7
Let u(s) be the third derivative of s**6/30 - s**4/12 + s**3/3 - 8*s**2. Let x be u(1). Let f(m) = m**3 - 4*m**2 + 2*m + 4. Determine f(x).
12
Suppose -3 = 3*v + 4*d + 1, 1 = -d.